s the tens digit of (-5613)/(-6) + 0 + 50/(-100)?
3
Let n = -4980 - -7546. What is the units digit of n?
6
Let b(t) = -2*t**2 + 4*t + 2. Let j be b(4). Suppose 50 = 2*l - 4*h, 14*l - 11*l - 3*h - 90 = 0. Let o = l + j. What is the tens digit of o?
2
Let h(b) = -b**2 + 5*b - 4. Let o be h(4). Suppose 22 = 5*t + c, -4*t + 3*c + o = -10. What is the units digit of (t/4)/(2/16)?
8
What is the tens digit of ((-4)/(-10))/(51/299370)?
4
Let p(q) = -q**3 + 4*q**2 + 3*q - 7. Let y be p(4). Suppose -5*d + 1245 = 5*s, -d + 8 = -y*s - 229. What is the tens digit of d?
4
Let k(l) = -3*l - 3. Let s be k(0). What is the units digit of (-2 - (-258)/(-9))*s?
2
Let n = 3 + 2. Suppose n*q = -2*l + 19, -4*q = -0*l - 2*l - 26. Suppose -3*r = 4*d - 69, -r + q*d - 110 = -6*r. What is the tens digit of r?
1
Suppose -3*a = 3, 0*f + 4*a - 20 = 4*f. Suppose 0 = -5*z - 1 + 11. What is the tens digit of (-106)/f - z/(-6)?
1
Suppose 6*z = 2*z - 3*o + 2325, o - 2909 = -5*z. What is the hundreds digit of z?
5
Let h be (-5)/(2/(-16)*-4). Let c = h - -8. What is the tens digit of 11 - c - -2*1?
1
Let o = -1097 + 3233. What is the hundreds digit of o?
1
Suppose 5*r = -5, -35 = -2*t - 29*r + 30*r. What is the tens digit of t?
1
Let z(u) = -u**3 - 5*u**2 + 23*u + 5. Let t be z(-8). Suppose -7*h + t*h = 1794. What is the units digit of h?
9
Let t(m) = -57*m - 50. What is the hundreds digit of t(-5)?
2
Suppose -4*z + 7247 = 5*a, -43*z = -48*z - 4*a + 9052. What is the units digit of z?
8
Let s(t) = t**2 - 7*t - 1. Let b be s(7). Let h(u) = -480*u**2 + u + 1. Let a be h(b). What is the tens digit of a/(-27) - (-6)/27?
1
Let p be 2/(-4)*42/21. Let r(o) = -306*o - 12. What is the tens digit of r(p)?
9
Suppose 0 = -4*d - 3*m + 1531, -2367 = -4*d + m - 840. What is the units digit of d?
2
Let s(p) = p**3 - 11*p**2 + 42*p - 35. What is the tens digit of s(12)?
1
Let s = -22 + 30. Let u(t) = -t**3 + 10*t**2 - 11*t - 8. Let n be u(s). Suppose -2*a + 138 - n = 0. What is the units digit of a?
3
Let q be (-28)/(-6) + (-4)/6. Suppose -2*g - 3*g = c - 8, -g + 2 = 0. What is the units digit of (-23)/2*q/c?
3
Let b(s) = -15*s. Suppose -3 = -g + 3*l - 2*l, 5*l = 3*g - 13. Let r be b(g). What is the units digit of r/(-5) + 1 + 1?
5
Let i = 779 - 440. What is the tens digit of i?
3
Let f(y) = -18*y**2 - 36*y - 7. Let m(b) = -13*b**2 - 24*b - 4. Let t(i) = -5*f(i) + 7*m(i). Suppose 18 = 4*k - 18. What is the tens digit of t(k)?
3
Suppose 1182 = -19*d + 18168. What is the units digit of d?
4
Let l(f) = -f**3 + 15*f**2 + 44*f + 19. What is the tens digit of l(-8)?
3
Let z be ((-7)/5 - -3)*-10. Let u be (-60)/z - (-1)/4. Suppose -32 = -u*b + 8. What is the units digit of b?
0
Suppose 0 = 2*a - g - 5263 + 22, 2*g + 2625 = a. What is the hundreds digit of a?
6
Suppose 2*o - 5216 = -3*r + 5*r, -13032 = -5*o - 3*r. What is the tens digit of o?
0
Let n be 18*(24/(-108))/((-4)/6). Suppose 337 + 95 = n*j. What is the tens digit of j?
7
Let n(u) = 121*u - 176. What is the units digit of n(10)?
4
Let m = 85 - 84. Let f = 58 - m. What is the tens digit of f?
5
Suppose -8 = -0*p - 4*p, 4*p = 2*z - 148. Suppose -5*i + 77 + 53 = -a, -3*a = 3*i - z. Let j = i - 24. What is the units digit of j?
2
Suppose 0 = o + 3*o. Let k be 6 + o - 0/7. What is the units digit of 1 - (-2)/(k/9)?
4
Let b = 857 - 580. What is the hundreds digit of b?
2
Suppose -27*n + 2384 = -37225. What is the units digit of n?
7
Let z(w) = 26*w + 40. Let c be z(6). Suppose -4*b - c = -6*b. What is the tens digit of b?
9
Suppose c + 3 + 7 = 3*s, -4*s + c + 12 = 0. Suppose -3*f - s*f = 5. What is the tens digit of -1*(-2 - f) + 46?
4
Let h be (6/(-4))/(5/(-470)). Let b(a) = 2*a**3 - 14*a**2 + a - 3. Let l be b(7). Suppose -l*y + 373 = h. What is the tens digit of y?
5
Suppose 18 = -4*v - 2*v. What is the tens digit of 445/10 + v/2?
4
Let o be (2/7)/((-1)/(-7)). Suppose 45 = -3*q - 3*k - 0*k, 2*q + 18 = o*k. What is the tens digit of (-72)/(-2)*(-4)/q?
1
Suppose 10 = 5*r, 0 = l - 4*r + 8 + 8. What is the units digit of (0 - -138)/(1*(-12)/l)?
2
What is the tens digit of 1 - -2 - (-114 - 2078)?
9
Suppose 334 = 2*y + 5*h - 0*h, -174 = -y + h. What is the tens digit of y?
7
Suppose -384 = 13*z - 16*z. What is the hundreds digit of z?
1
Suppose -a + 10 = a. Suppose 0 = a*h - 19 - 1. Suppose -h*u + 36 - 7 = 5*k, -23 = -3*k - u. What is the units digit of k?
9
Let r(f) = 3*f**2 + 3*f + 1. Let o(w) = w**3 + 7*w**2 + 7*w + 1. Let c(k) = -3*o(k) + 5*r(k). What is the units digit of c(-3)?
7
Suppose -8*k + 12*k = 296. What is the units digit of k?
4
Let t(b) = 351*b**2 - 3*b. What is the units digit of t(2)?
8
Let b = 52 - 47. Suppose b*n + 32 = 4*o - 367, -o + 2*n = -99. What is the tens digit of o?
0
Let u = 68 + 8. Suppose -d + 0*x - 25 = -4*x, 4*x = 4*d + u. Let m = d - -37. What is the tens digit of m?
2
Suppose -20 = -7*u + 2*u, -4*w - 100 = 2*u. Let i = -31 - w. What is the tens digit of 14 + 1 + 4 + i?
1
Suppose -5*f + 10909 = 3*c, 2*c - 3*f - 4986 - 2274 = 0. What is the thousands digit of c?
3
Let c = -211 - -620. What is the hundreds digit of c?
4
Suppose 4174 - 835 = 3*m. What is the thousands digit of m?
1
Let c(y) = 9*y - 8. Let k be c(2). What is the units digit of 10/25 + 1036/k + 2?
6
Let x(d) = 46*d - 1. Let i be x(3). Suppose -4*v + 552 = -a + 3*a, -v - a + i = 0. What is the tens digit of v?
3
Suppose 0 = f + 4*g - 815, -7*f = 5*g - 2*g - 5830. What is the hundreds digit of f?
8
Suppose 4*b + 1010 = -110. Let k = 531 + b. Let h = k + -176. What is the tens digit of h?
7
Let n(x) = -x**2 - 22*x + 46. What is the tens digit of n(-20)?
8
Let a(f) = 4*f + 12. Let s(g) = -7*g + 3*g + 2*g + 3*g. Let r(y) = -a(y) + 2*s(y). What is the units digit of r(-8)?
4
Suppose -r - 26 = 117. Let h = r - -203. What is the units digit of h?
0
Let w(c) = 3*c**2 + 41*c + 65. What is the tens digit of w(-20)?
4
Let d = 91 + -87. Suppose 1469 = 5*h - 3*k + 376, -2*h - d*k = -432. What is the tens digit of h?
1
Suppose 5*j + 0*n = 3*n + 1722, -4*n - 1031 = -3*j. What is the hundreds digit of j?
3
Suppose -4*g - 127 = -4*d - 1867, 1307 = 3*g - 5*d. What is the tens digit of g?
3
Let d(u) = -47*u + 7. Let k(w) = 94*w - 14. Let g(t) = -5*d(t) - 2*k(t). What is the tens digit of g(2)?
8
Let p(r) = 2*r**2 + 9. Let v be 5*-4*(-9)/(-30). What is the tens digit of p(v)?
8
Let p(f) = -f**2 + 5*f + 7. Let m be p(5). What is the units digit of (-5 + -1)/(m/(-231))?
8
Let g(k) = -213*k - 644. What is the thousands digit of g(-22)?
4
Suppose 3*m + 3*l = 18, -2*l = 3*m - 0*m - 15. Suppose 0*n = -4*n + 4*f + 192, 0 = -m*n + 4*f + 141. What is the tens digit of n?
5
Let u(d) = 2*d**3 + 3*d**2 - d - 6. Let j be u(2). Let f be (0 + (-6)/(-10))*5. Let c = f + j. What is the tens digit of c?
2
Let p = 6 - -36. Suppose -46*m = -47*m + p. What is the units digit of m?
2
Suppose 144 = -92*a + 98*a. What is the units digit of a?
4
Let k = 457 - 0. What is the tens digit of k?
5
Suppose 0 = 10*d + 3*d - 29315. What is the thousands digit of d?
2
What is the hundreds digit of (-80)/((-5 + 8)/(-15))?
4
Let p be 26 + 7 + (-3 - (-21)/3). Let x(i) = -2*i - 6. Let d be x(5). Let k = d + p. What is the units digit of k?
1
Suppose -5*u = 6*l - 3*l + 109, -5*u = 4*l + 142. Let k = l + 64. What is the tens digit of k?
3
Let u(p) = p**2 + 19*p - 8. Let j(t) = -19*t**2 + 5*t + 3. Let x be j(-1). What is the units digit of u(x)?
4
Let q(o) = -261*o + 87. What is the tens digit of q(-6)?
5
Let h(s) = -s + 3. Let m be h(0). Suppose -m*l + 5*a = -346, -2*l - 81 = 4*a - 297. What is the units digit of l?
2
Suppose 1129 = 5*c - 751. Suppose 2*r - c = -4*l, -r = -5*l - 134 - 54. Suppose 4*s - r = 4*k, 176 = 2*s + 2*s - k. What is the tens digit of s?
4
Let h(f) = -9*f - 56. Let q(n) = -n. Let r(x) = h(x) + 2*q(x). What is the hundreds digit of r(-25)?
2
Let h(n) = n**2 + 4*n + 69. Let o(j) = j**2 + 5*j + 70. Let k(f) = 4*h(f) - 3*o(f). Let i be k(0). What is the tens digit of (2/6)/(2/i)?
1
Suppose -3*k = 70 - 412. What is the units digit of 2 + -4 + (k - 3) - 1?
8
Let r be 95/4 - (-2)/8. What is the units digit of 2*(548/r + 1/6)?
6
Suppose -2*r = r - 3*a + 84, 0 = -5*r + a - 120. Let f = r - -141. What is the units digit of f?
8
Suppose -7 = -5*l + 3. What is the units digit of 7*((-8)/(-14) + l)?
8
L